{"id":270,"date":"2023-02-16T13:00:22","date_gmt":"2023-02-16T13:00:22","guid":{"rendered":"https:\/\/projectedachau.amical-mauthausen.org\/testimonis\/jose-m-garcia-miranda-esteban-infantes\/"},"modified":"2023-02-20T10:36:31","modified_gmt":"2023-02-20T10:36:31","slug":"jose-m-garcia-miranda-esteban-infantes","status":"publish","type":"testimonis","link":"https:\/\/projectedachau.amical-mauthausen.org\/es\/testimonis\/jose-m-garcia-miranda-esteban-infantes\/","title":{"rendered":"Jos\u00e9 M. Garc\u00eda-Miranda Esteban-Infantes"},"content":{"rendered":"<p>Naci\u00f3 el 21 de febrero de 1897 en Toledo en el seno de una familia acomodada, hijo de Jos\u00e9 M. y Elvira y el segundo de cuatro hermanos.<\/p>\n<p>A los 15 a\u00f1os entr\u00f3 en la Academia de Infanter\u00eda de Toledo y en 1915, como 2\u00ba teniente de Infanter\u00eda, fue destinado a Melilla-Nador. Despu\u00e9s de sucesivos ascensos y de distinciones por su valor, sufri\u00f3 varios arrestos y se integr\u00f3 en la logia Hijos de la Africana n\u00ba 430 de Melilla, con el nombre mas\u00f3nico de Xenofonte.<\/p>\n<p>En 1924 fue nombrado delegado gubernativo en Arcos de la Frontera (C\u00e1diz), donde se agravaron sus desacuerdos con el orden militar y sufri\u00f3 nuevos arrestos. Tres a\u00f1os despu\u00e9s fue destinado a Barcelona y manifest\u00f3 frontal oposici\u00f3n con la Dictadura de Primo de Rivera, actitud que le vali\u00f3 ser procesado en 1928 por un delito de sedici\u00f3n y condenado a un a\u00f1o de prisi\u00f3n y dos a\u00f1os m\u00e1s tarde sufri\u00f3 una nueva condena por participar en un mitin pol\u00edtico republicano. El per\u00edodo que pas\u00f3 en prisi\u00f3n lo dedic\u00f3 al estudio.<\/p>\n<p>Amnistiado despu\u00e9s de la proclamaci\u00f3n de la Rep\u00fablica, fue nombrado ayudante del presidente de la Generalitat de Catalu\u00f1a, Francesc Maci\u00e0. Conocido como el \u201dcapit\u00e1n rojo\u201d, solicit\u00f3 la baja del ej\u00e9rcito y se present\u00f3 a las elecciones generales del 28 de junio de 1931 con el Bloque Obrero y Campesino-BOC.\u00a0 Aunque no fue elegido, continu\u00f3 participando activamente en la organizaci\u00f3n de este partido, imparti\u00f3 cursos y conferencias, fue orador en m\u00edtines y escribi\u00f3 art\u00edculos en diversos peri\u00f3dicos, a la vez que ejerci\u00f3 de profesor de ciencias en diferentes escuelas para gente obrera. Casado en 1933 con Luc\u00eda Aldea, tuvo un hijo en 1934 que muri\u00f3, y en 1936 naci\u00f3 Fernando, que muri\u00f3 de meningitis en los a\u00f1os de guerra.<\/p>\n<p>Comprometido con la defensa de la Rep\u00fablica en 1936, frente a los militares sublevados, entre los que se encontraba su cu\u00f1ado Guillermo Reinlein, Garc\u00eda- Miranda reingres\u00f3 al\u00a0 Servicio activo y sali\u00f3 hacia el frente de Arag\u00f3n con la Columna Ortiz como asesor militar. Combatiente en diversos frentes y con altas responsabilidades militares, hasta quedar integrado en el Ej\u00e9rcito del Este, con cuyas tropas luch\u00f3 durante los siguientes a\u00f1os de guerra hasta que \u00a0fue retrocediendo hasta la frontera.<\/p>\n<p>El 9 de febrero de 1939, con su esposa, se instal\u00f3 en Vernet les Bains, junto con otros dirigentes militares y desempe\u00f1\u00f3 diversos trabajos, mec\u00e1nico, hortelano, le\u00f1ador&#8230;hasta que consigui\u00f3 ejercer de profesor, lo que le dio estabilidad durante los a\u00f1os 1942 y 1943.<\/p>\n<p>A finales de 1943 fue detenido por la Gestapo por su pertinencia al grupo de resistentes Combat y enviado primero a la Ciudadela de Perpi\u00f1\u00e1n y despu\u00e9s al campo de concentraci\u00f3n de Vernet d\u2019Ariege, donde lleg\u00f3 en enero de 1944, junto con ocho jefes y oficiales del Ej\u00e9rcito Popular Republicano, llamados \u201cLos 8 de Vernet\u201d. De este campo, el 30 de junio unos 400 internos fueron trasladados a la c\u00e1rcel de Toulouse y el 2 de julio 536 prisioneros, de los cuales 70 eran espa\u00f1oles, fueron deportados a Dachau, donde llegaron despu\u00e9s de 18 d\u00edas de viaje, durante el cual hubo numerosas muertes.<\/p>\n<p>Jos\u00e9 M. y sus compa\u00f1eros llegaron a Dachau en condiciones muy precarias, Seg\u00fan su testimonio \u201c<em>El hundimiento moral total del ser humano. El elegir salvarte pod\u00eda provocar la muerte de otros\u201d \u201cPoder comer se convirti\u00f3 en una obsesi\u00f3n. No me da ninguna verg\u00fcenza admitir que hice de conejillo de indias, que me dej\u00e9 extraer una buena cantidad de sangre solo para poder estar seis d\u00edas en la enfermer\u00eda, beber alg\u00fan vaso de Leche y comer un poco mejor. Otros desgraciados compa\u00f1eros hicieron lo mismo, llegando alguna a dejarse inocular verdaderas enfermedades solo para poder comer\u201d.<\/em><\/p>\n<p>El campo fue liberado por los americanos el 29 de abril de 1945. En p\u00e9simas condiciones de salud, pues pesaba 39 kg., el 1 de junio de 1945 se reencontr\u00f3 con Lucia en Perpi\u00f1\u00e1n e inici\u00f3 su segundo exilio en Vernet les Bains.\u00a0 Ejerci\u00f3 como profesor suplente en el Colegio Moderno y T\u00e9cnico de <em>Gar\u00e7ons<\/em> en Prades y tambi\u00e9n en el Centro de Aprendizaje de Vernet les Bains, trabajo que complement\u00f3 con clases particulares y conferencias en franc\u00e9s sobre diferentes tem\u00e1ticas cient\u00edficas, hist\u00f3ricas y culturales.<\/p>\n<p>En 1957 regres\u00f3 a Espa\u00f1a e inici\u00f3 su vida en Toledo donde resid\u00eda la mayor parte de su familia.\u00a0 En 1963 muri\u00f3 su esposa y Garc\u00eda-Miranda el 7 de febrero de 1971, a los 74 a\u00f1os.<\/p>\n<p>Fuente: <em>Un humanista en Dachau. Jos\u00e9 M. Garcia-Miranda Esteban-infantes, Maestro y Tte coronel republicano. <\/em>Rafael Pa\u00f1eda Reinlein. Avant Editorial, abril 2022<\/p>\n","protected":false},"featured_media":0,"template":"","class_list":["post-270","testimonis","type-testimonis","status-publish","hentry"],"acf":[],"_links":{"self":[{"href":"https:\/\/projectedachau.amical-mauthausen.org\/es\/wp-json\/wp\/v2\/testimonis\/270","targetHints":{"allow":["GET"]}}],"collection":[{"href":"https:\/\/projectedachau.amical-mauthausen.org\/es\/wp-json\/wp\/v2\/testimonis"}],"about":[{"href":"https:\/\/projectedachau.amical-mauthausen.org\/es\/wp-json\/wp\/v2\/types\/testimonis"}],"wp:attachment":[{"href":"https:\/\/projectedachau.amical-mauthausen.org\/es\/wp-json\/wp\/v2\/media?parent=270"}],"curies":[{"name":"wp","href":"https:\/\/api.w.org\/{rel}","templated":true}]}}

José M. García-Miranda Esteban-Infantes

<p>Nació el 21 de febrero de 1897 en Toledo en el seno de una familia acomodada, hijo de José M. y Elvira y el segundo de cuatro hermanos.</p>
<p>A los 15 años entró en la Academia de Infantería de Toledo y en 1915, como 2º teniente de Infantería, fue destinado a Melilla-Nador. Después de sucesivos ascensos y de distinciones por su valor, sufrió varios arrestos y se integró en la logia Hijos de la Africana nº 430 de Melilla, con el nombre masónico de Xenofonte.</p>
<p>En 1924 fue nombrado delegado gubernativo en Arcos de la Frontera (Cádiz), donde se agravaron sus desacuerdos con el orden militar y sufrió nuevos arrestos. Tres años después fue destinado a Barcelona y manifestó frontal oposición con la Dictadura de Primo de Rivera, actitud que le valió ser procesado en 1928 por un delito de sedición y condenado a un año de prisión y dos años más tarde sufrió una nueva condena por participar en un mitin político republicano. El período que pasó en prisión lo dedicó al estudio.</p>
<p>Amnistiado después de la proclamación de la República, fue nombrado ayudante del presidente de la Generalitat de Cataluña, Francesc Macià. Conocido como el ”capitán rojo”, solicitó la baja del ejército y se presentó a las elecciones generales del 28 de junio de 1931 con el Bloque Obrero y Campesino-BOC.  Aunque no fue elegido, continuó participando activamente en la organización de este partido, impartió cursos y conferencias, fue orador en mítines y escribió artículos en diversos periódicos, a la vez que ejerció de profesor de ciencias en diferentes escuelas para gente obrera. Casado en 1933 con Lucía Aldea, tuvo un hijo en 1934 que murió, y en 1936 nació Fernando, que murió de meningitis en los años de guerra.</p>
<p>Comprometido con la defensa de la República en 1936, frente a los militares sublevados, entre los que se encontraba su cuñado Guillermo Reinlein, García- Miranda reingresó al  Servicio activo y salió hacia el frente de Aragón con la Columna Ortiz como asesor militar. Combatiente en diversos frentes y con altas responsabilidades militares, hasta quedar integrado en el Ejército del Este, con cuyas tropas luchó durante los siguientes años de guerra hasta que  fue retrocediendo hasta la frontera.</p>
<p>El 9 de febrero de 1939, con su esposa, se instaló en Vernet les Bains, junto con otros dirigentes militares y desempeñó diversos trabajos, mecánico, hortelano, leñador&#8230;hasta que consiguió ejercer de profesor, lo que le dio estabilidad durante los años 1942 y 1943.</p>
<p>A finales de 1943 fue detenido por la Gestapo por su pertinencia al grupo de resistentes Combat y enviado primero a la Ciudadela de Perpiñán y después al campo de concentración de Vernet d’Ariege, donde llegó en enero de 1944, junto con ocho jefes y oficiales del Ejército Popular Republicano, llamados “Los 8 de Vernet”. De este campo, el 30 de junio unos 400 internos fueron trasladados a la cárcel de Toulouse y el 2 de julio 536 prisioneros, de los cuales 70 eran españoles, fueron deportados a Dachau, donde llegaron después de 18 días de viaje, durante el cual hubo numerosas muertes.</p>
<p>José M. y sus compañeros llegaron a Dachau en condiciones muy precarias, Según su testimonio “<em>El hundimiento moral total del ser humano. El elegir salvarte podía provocar la muerte de otros” “Poder comer se convirtió en una obsesión. No me da ninguna vergüenza admitir que hice de conejillo de indias, que me dejé extraer una buena cantidad de sangre solo para poder estar seis días en la enfermería, beber algún vaso de Leche y comer un poco mejor. Otros desgraciados compañeros hicieron lo mismo, llegando alguna a dejarse inocular verdaderas enfermedades solo para poder comer”.</em></p>
<p>El campo fue liberado por los americanos el 29 de abril de 1945. En pésimas condiciones de salud, pues pesaba 39 kg., el 1 de junio de 1945 se reencontró con Lucia en Perpiñán e inició su segundo exilio en Vernet les Bains.  Ejerció como profesor suplente en el Colegio Moderno y Técnico de <em>Garçons</em> en Prades y también en el Centro de Aprendizaje de Vernet les Bains, trabajo que complementó con clases particulares y conferencias en francés sobre diferentes temáticas científicas, históricas y culturales.</p>
<p>En 1957 regresó a España e inició su vida en Toledo donde residía la mayor parte de su familia.  En 1963 murió su esposa y García-Miranda el 7 de febrero de 1971, a los 74 años.</p>
<p>Fuente: <em>Un humanista en Dachau. José M. Garcia-Miranda Esteban-infantes, Maestro y Tte coronel republicano. </em>Rafael Pañeda Reinlein. Avant Editorial, abril 2022</p>
