{"id":264,"date":"2023-02-14T16:33:43","date_gmt":"2023-02-14T16:33:43","guid":{"rendered":"https:\/\/projectedachau.amical-mauthausen.org\/testimonis\/joan-escuer-gomis\/"},"modified":"2026-03-02T07:23:07","modified_gmt":"2026-03-02T07:23:07","slug":"joan-escuer-gomis","status":"publish","type":"testimonis","link":"https:\/\/projectedachau.amical-mauthausen.org\/es\/testimonis\/joan-escuer-gomis\/","title":{"rendered":"Joan Escuer Gomis"},"content":{"rendered":"<p>Naci\u00f3 en Cornudella de Montsant (Tarragona) el 16 de noviembre de 1914, hijo de Joan Baptista y de Dolors, originarios de las tierras de Lleida. Adem\u00e1s de dos hermanastras de parte de la madre, casada en segundas nupcias, tuvo dos hermanos, Enric y Ram\u00f3n.<\/p>\n<p>A los pocos meses de su nacimiento la familia se traslad\u00f3 a Sentmenat (Barcelona) donde su padre trabaj\u00f3 en una f\u00e1brica textil, pero, a causa de las dificultades econ\u00f3micas y de salud del padre, pronto regresaron a Cornudella. Dedicados a la agricultura, Escuer, desde muy peque\u00f1o, aunque ten\u00eda aptitudes para el estudio, tuvo que contribuir al sustento familiar con diversos trabajos hasta que aprendi\u00f3 el oficio de herrero.<\/p>\n<p>Vivi\u00f3 con el entusiasmo de la juventud la proclamaci\u00f3n de la II Rep\u00fablica y fue forjando su consciencia de clase y la pr\u00e1ctica pol\u00edtica. El 1 de julio de 1934 se incorpor\u00f3 a un largo Servicio militar de dos a\u00f1os y, por su habilidad con la trompeta, fue destinado a diferentes bandas de la guarnici\u00f3n de Tarragona, donde vivi\u00f3 los hechos del 6 de octubre en Asturias y Catalunya. Las diferentes actitudes de sus superiores militares fueron una escuela para \u00e9l, tanto a nivel de crecimiento personal como de aprendizaje.<\/p>\n<p>Una vez licenciado, a principios de julio de 1936, regres\u00f3 a Cornudella pero pocos d\u00edas despu\u00e9s del levantamiento militar se incorpor\u00f3 con su quinta al ej\u00e9rcito, al Regimiento de Infanter\u00eda 15 de Tarragona, hasta que fue destinado, en el mes de octubre, al 2\u00ba Regimiento de Infanter\u00eda del Ej\u00e9rcito Popular de la Rep\u00fablica, per\u00edodo en el que ingres\u00f3 en el PSUC. Con su Batall\u00f3n, \u201cTarraco\u201d, combati\u00f3 en diversos frentes en Madrid hasta que a finales de 1937 ingres\u00f3 en la Escuela Popular de Guerra de Paterna (Valencia), donde obtuvo la graduaci\u00f3n de capit\u00e1n. Particip\u00f3 en acciones en el frente de Balaguer y en la batalla del Ebro, despu\u00e9s de la cual fue nombrado responsable de la nueva Escuela de Cabos de la 226 Brigada Mixta. Disuelta a causa de la ofensiva fascista se incorpor\u00f3 a diferentes posiciones. Fue herido con levedad a mediados de enero y lo evacuaron al Hospital de Sangre de Molins de Rei, para ir retrocediendo hasta Barcelona.<\/p>\n<p>Form\u00f3 parte de los grupos de soldados que iniciaron el camino de retirada hacia Francia, atravesando la frontera el 6 de febrero. Inici\u00f3 el periplo de internamiento en diferentes campos (Argelers, Agde, Barcares, Saint Cyprien, Sepfonds) y su enrolamiento forzoso a la 218 CTE en enero de 1940, fue destinado a trabajar en una f\u00e1brica de p\u00f3lvora cerca de Burdeos. Con la ca\u00edda de Francia y la descomposici\u00f3n de las CTE diversific\u00f3 el destino de los republicanos. Escuer se dirigi\u00f3 a Toulouse donde fue detenido y enviado a los campos de Bram y Argelers. Pronto qued\u00f3 adscrito a la 142 GTE como herrador de caballos en la Colonial Francesa de Rivesaltes, hasta que cambi\u00f3 a la 645 GTE, donde encontr\u00f3 a su hermano Enric, y trabaj\u00f3 en el mantenimiento de un dep\u00f3sito de armas y en trabajos agr\u00edcolas.<\/p>\n<p>A mediados de setiembre de 1940, con un grupo de republicanos, fue enviado cerca de la Ciudad de Rouen, donde pasaron a manos de la Gestapo. Unos 800 espa\u00f1oles fueron destinados a Lorient para trabajar en la construcci\u00f3n de la base submarina de Saint-Nazaire, integrados a la organizaci\u00f3n Todt.<\/p>\n<p>Pronto entr\u00f3 en contacto con miembros de la Resistencia y Escuer cay\u00f3 en una redada iniciada en Par\u00eds el 27 de junio de 1942 por la polic\u00eda de Vichy y la Gestapo y que comport\u00f3 la detenci\u00f3n de 135 espa\u00f1oles. En la prisi\u00f3n de Nantes conoci\u00f3 a una chica espa\u00f1ola tambi\u00e9n detenida, Constanza Mart\u00ednez Prieto, de Madrid, quien m\u00e1s adelante seria su mujer. Despu\u00e9s de estar prisionero en La Sant\u00e9 de Par\u00eds hasta el 3 de diciembre de 1943, cuando fue juzgado, junto con un grupo de m\u00e1s de 70 espa\u00f1oles, y condenado a 18 meses de prisi\u00f3n, que ten\u00eda que cumplir en la prisi\u00f3n de Tourelles. El 6 de mayo de 1944 la Gestapo traslad\u00f3 un grupo a la prisi\u00f3n de Fresnes y despu\u00e9s al campo de Compiegne, hasta que el 18 de junio que fueron enviados hacia Dachau, en uno de los convoy m\u00e1s numerosos, 2.319 hombres, de los cuales 162 eran espa\u00f1oles; en un viaje lleno de penalidades que provoc\u00f3 numerosos muertos.<\/p>\n<p>Deportado a Dachau con el n\u00ba de 74181 como preso pol\u00edtico, pronto fue trasladado al subcampo de Allach y destinado al trabajo esclavo a la construcci\u00f3n de una f\u00e1brica de aviaci\u00f3n, hasta que fue trasladado al t\u00fanel del sub-campo de Merkich donde hab\u00eda instalada una f\u00e1brica de motores de avi\u00f3n. Retornado a Allach fue encadenando diferentes trabajos que, junto a las dolencias provocadas por la mala alimentaci\u00f3n y los castigos, afectaron su salud.<\/p>\n<p>El 29 de abril los americanos liberaron Dachau pero su comando, en el pueblo de Deggendorf, no fue libre hasta el 2 de mayo.<\/p>\n<p>El 15 de mayo fue repatriado en tren hacia Nancy y Par\u00eds, donde permaneci\u00f3 alojado en el Hotel Lut\u00e9tia y se reencontr\u00f3 con Constanza Mart\u00ednez. Ambos rehicieron su vida en Saint-Denis, donde Joan trabajaba de Herrero y con Constanza mantuvieron una militancia activa en su partido, el PSUC, y criaron a sus dos hijos.<\/p>\n<p>En 1972 regresaron a Espa\u00f1a y se instalaron en Sentmenat, desde donde contribuyeron a la reorganizaci\u00f3n de su partido y a la vez se convirtieron en miembros infatigables de la Amical de Mauthausen y otros campos, en su labor de divulgaci\u00f3n.<\/p>\n<p>Desde 1992 y hasta el 2002 Joan fue presidente de la Amical de Mauthausen y otros campos, a la que sigui\u00f3 vinculado hasta el 2004, a\u00f1o de su muerte.<\/p>\n<p>Fuente: <em>Memorias de un republicano espa\u00f1ol deportado al campo de Dachau<\/em>, 2007, Barcelona, Ed. Amical de Mauthausen<\/p>\n","protected":false},"featured_media":0,"template":"","class_list":["post-264","testimonis","type-testimonis","status-publish","hentry"],"acf":[],"_links":{"self":[{"href":"https:\/\/projectedachau.amical-mauthausen.org\/es\/wp-json\/wp\/v2\/testimonis\/264","targetHints":{"allow":["GET"]}}],"collection":[{"href":"https:\/\/projectedachau.amical-mauthausen.org\/es\/wp-json\/wp\/v2\/testimonis"}],"about":[{"href":"https:\/\/projectedachau.amical-mauthausen.org\/es\/wp-json\/wp\/v2\/types\/testimonis"}],"wp:attachment":[{"href":"https:\/\/projectedachau.amical-mauthausen.org\/es\/wp-json\/wp\/v2\/media?parent=264"}],"curies":[{"name":"wp","href":"https:\/\/api.w.org\/{rel}","templated":true}]}}

<p>Nació en Cornudella de Montsant (Tarragona) el 16 de noviembre de 1914, hijo de Joan Baptista y de Dolors, originarios de las tierras de Lleida. Además de dos hermanastras de parte de la madre, casada en segundas nupcias, tuvo dos hermanos, Enric y Ramón.</p>
<p>A los pocos meses de su nacimiento la familia se trasladó a Sentmenat (Barcelona) donde su padre trabajó en una fábrica textil, pero, a causa de las dificultades económicas y de salud del padre, pronto regresaron a Cornudella. Dedicados a la agricultura, Escuer, desde muy pequeño, aunque tenía aptitudes para el estudio, tuvo que contribuir al sustento familiar con diversos trabajos hasta que aprendió el oficio de herrero.</p>
<p>Vivió con el entusiasmo de la juventud la proclamación de la II República y fue forjando su consciencia de clase y la práctica política. El 1 de julio de 1934 se incorporó a un largo Servicio militar de dos años y, por su habilidad con la trompeta, fue destinado a diferentes bandas de la guarnición de Tarragona, donde vivió los hechos del 6 de octubre en Asturias y Catalunya. Las diferentes actitudes de sus superiores militares fueron una escuela para él, tanto a nivel de crecimiento personal como de aprendizaje.</p>
<p>Una vez licenciado, a principios de julio de 1936, regresó a Cornudella pero pocos días después del levantamiento militar se incorporó con su quinta al ejército, al Regimiento de Infantería 15 de Tarragona, hasta que fue destinado, en el mes de octubre, al 2º Regimiento de Infantería del Ejército Popular de la República, período en el que ingresó en el PSUC. Con su Batallón, “Tarraco”, combatió en diversos frentes en Madrid hasta que a finales de 1937 ingresó en la Escuela Popular de Guerra de Paterna (Valencia), donde obtuvo la graduación de capitán. Participó en acciones en el frente de Balaguer y en la batalla del Ebro, después de la cual fue nombrado responsable de la nueva Escuela de Cabos de la 226 Brigada Mixta. Disuelta a causa de la ofensiva fascista se incorporó a diferentes posiciones. Fue herido con levedad a mediados de enero y lo evacuaron al Hospital de Sangre de Molins de Rei, para ir retrocediendo hasta Barcelona.</p>
<p>Formó parte de los grupos de soldados que iniciaron el camino de retirada hacia Francia, atravesando la frontera el 6 de febrero. Inició el periplo de internamiento en diferentes campos (Argelers, Agde, Barcares, Saint Cyprien, Sepfonds) y su enrolamiento forzoso a la 218 CTE en enero de 1940, fue destinado a trabajar en una fábrica de pólvora cerca de Burdeos. Con la caída de Francia y la descomposición de las CTE diversificó el destino de los republicanos. Escuer se dirigió a Toulouse donde fue detenido y enviado a los campos de Bram y Argelers. Pronto quedó adscrito a la 142 GTE como herrador de caballos en la Colonial Francesa de Rivesaltes, hasta que cambió a la 645 GTE, donde encontró a su hermano Enric, y trabajó en el mantenimiento de un depósito de armas y en trabajos agrícolas.</p>
<p>A mediados de setiembre de 1940, con un grupo de republicanos, fue enviado cerca de la Ciudad de Rouen, donde pasaron a manos de la Gestapo. Unos 800 españoles fueron destinados a Lorient para trabajar en la construcción de la base submarina de Saint-Nazaire, integrados a la organización Todt.</p>
<p>Pronto entró en contacto con miembros de la Resistencia y Escuer cayó en una redada iniciada en París el 27 de junio de 1942 por la policía de Vichy y la Gestapo y que comportó la detención de 135 españoles. En la prisión de Nantes conoció a una chica española también detenida, Constanza Martínez Prieto, de Madrid, quien más adelante seria su mujer. Después de estar prisionero en La Santé de París hasta el 3 de diciembre de 1943, cuando fue juzgado, junto con un grupo de más de 70 españoles, y condenado a 18 meses de prisión, que tenía que cumplir en la prisión de Tourelles. El 6 de mayo de 1944 la Gestapo trasladó un grupo a la prisión de Fresnes y después al campo de Compiegne, hasta que el 18 de junio que fueron enviados hacia Dachau, en uno de los convoy más numerosos, 2.319 hombres, de los cuales 162 eran españoles; en un viaje lleno de penalidades que provocó numerosos muertos.</p>
<p>Deportado a Dachau con el nº de 74181 como preso político, pronto fue trasladado al subcampo de Allach y destinado al trabajo esclavo a la construcción de una fábrica de aviación, hasta que fue trasladado al túnel del sub-campo de Merkich donde había instalada una fábrica de motores de avión. Retornado a Allach fue encadenando diferentes trabajos que, junto a las dolencias provocadas por la mala alimentación y los castigos, afectaron su salud.</p>
<p>El 29 de abril los americanos liberaron Dachau pero su comando, en el pueblo de Deggendorf, no fue libre hasta el 2 de mayo.</p>
<p>El 15 de mayo fue repatriado en tren hacia Nancy y París, donde permaneció alojado en el Hotel Lutétia y se reencontró con Constanza Martínez. Ambos rehicieron su vida en Saint-Denis, donde Joan trabajaba de Herrero y con Constanza mantuvieron una militancia activa en su partido, el PSUC, y criaron a sus dos hijos.</p>
<p>En 1972 regresaron a España y se instalaron en Sentmenat, desde donde contribuyeron a la reorganización de su partido y a la vez se convirtieron en miembros infatigables de la Amical de Mauthausen y otros campos, en su labor de divulgación.</p>
<p>Desde 1992 y hasta el 2002 Joan fue presidente de la Amical de Mauthausen y otros campos, a la que siguió vinculado hasta el 2004, año de su muerte.</p>
<p>Fuente: <em>Memorias de un republicano español deportado al campo de Dachau</em>, 2007, Barcelona, Ed. Amical de Mauthausen</p>
